ghest common divisor of l and d.
1
Let b be (36/30)/(4/190). Calculate the highest common factor of b and 456.
57
Suppose 16 = 4*u - 5*n, -5*u - 4*n + 20 = -n. Suppose 0 = 2*a - u*z - 130, -2*a + 73 = z - 32. Calculate the highest common divisor of 5 and a.
5
Let d = 28 - 16. Let z(p) = p**3 + 8*p**2 + p - 6. Let k be z(-7). Calculate the highest common factor of k and d.
12
Let g be 4/(-10) - 114/(-10). Calculate the greatest common divisor of g and 44.
11
Suppose -4*i = 5*j - 5, 0 = -5*j + j + 4. Suppose 2*n = 3*c + n - 8, 2*c = n + 6. Let d be (i - 1)/(c/(-70)). Calculate the greatest common divisor of d and 7.
7
Let z = 26 - -149. What is the greatest common factor of z and 35?
35
Let o(s) = s**3 - 7*s**2 - 9*s + 15. Let b be o(8). What is the greatest common factor of 49 and b?
7
Suppose 2*d + 3*d - 3*u = 69, 0 = u + 3. What is the highest common divisor of 3 and d?
3
Let t(s) = 21*s - 17. Let d be t(-7). Let q = d - -300. Calculate the highest common factor of 17 and q.
17
Suppose -1 = k - 3. Suppose s - 5 = 0, 2 = -4*z + k*s - 0. Let m be 10*(2 + 7/z). What is the greatest common factor of m and 22?
11
Let r = -63 - -129. What is the highest common factor of 11 and r?
11
Let q = 8 + -1. Let h = q - -5. Let g(u) = 109*u**2 - 1. Let x be g(-1). Calculate the greatest common divisor of x and h.
12
Let i(w) = -w**2 - 8*w + 1. Let x be i(-5). Suppose -u + x = u. Suppose h + 40 = 2*h. What is the greatest common divisor of h and u?
8
Let i = 3 + 1. Suppose i*w - 52 = -20. Let l = w + 4. What is the greatest common divisor of l and 6?
6
Let i(l) = l**2 + l. Let n be i(0). Suppose 0 = 2*a - r - 24, n = 2*a + a + 5*r - 62. What is the highest common factor of a and 28?
14
Suppose -r - j = -21, -3*r = -2*j - 22 - 31. Let c = -22 + 19. Let b be (c/(-6))/((-1)/(-114)). Calculate the greatest common factor of b and r.
19
Suppose -1 = -0*j - j. Let m(g) = 2*g**2 - 28*g - 25. Let d be m(15). Calculate the highest common factor of j and d.
1
Suppose 5*b = -4*k + 89, 2*b = k + 3*k - 54. Suppose -2*a + g + 2*g = -4, g - 28 = -3*a. Calculate the highest common factor of k and a.
8
Let d(j) = 3*j. Let l be d(1). Suppose l*c + 0*i = i + 69, -5*c + 5*i + 105 = 0. Let v be 26184/156 - (-2)/13. Calculate the greatest common factor of c and v.
24
Let l = 10 - 2. What is the greatest common factor of l and 4?
4
Suppose -102 = -3*v - 2*m, -5*m + 129 = 7*v - 3*v. Let d(w) = -w**3 - 7*w**2 - 3*w + 2. Let x be d(-8). What is the highest common factor of v and x?
18
Let b(f) = 32*f - 4. Let i(x) = 11*x - 1. Let a(m) = 2*b(m) - 7*i(m). Let j be a(-6). Calculate the greatest common divisor of j and 11.
11
Let o be (-75)/6*(-12)/15. Let y(b) = b - 9. Let k be y(13). What is the highest common divisor of o and k?
2
Let h = 98 - 62. What is the highest common factor of h and 9?
9
Let d = -3 - -6. Suppose -2*p = -5*c + 3, -3*c - d*p + 2*p = -4. Let y be ((-2)/3)/c*-21. What is the greatest common factor of 2 and y?
2
Let k(s) = -23*s - 4. Let z be k(-4). Let a = -15 - -26. Calculate the highest common factor of z and a.
11
Let s = 1 - -1. What is the greatest common divisor of s and 6?
2
Suppose -14*s + 196 = -7*s. Let c be (-3)/6*(-84)/1. What is the highest common divisor of s and c?
14
Let s be (-3 - (-27)/6)*24. Let x = -26 + s. Calculate the greatest common divisor of x and 10.
10
Let x be 22*6/(8 + -2). Let n(b) = -b - 4. Let u be n(-6). What is the greatest common divisor of u and x?
2
Let a(v) = 2*v**2 + 5*v + 12. Let r be a(-4). What is the greatest common factor of 12 and r?
12
Let z = -29 - -36. What is the highest common factor of z and 77?
7
Suppose r - 5*r = -3*d + 131, -224 = -5*d + r. Suppose 3*s - 4*s = -4, 2*s = -2*m + 26. Calculate the greatest common factor of m and d.
9
Suppose -40 = -2*q + 2*m, q - 7 = 4*m + 19. Suppose q = c + 4. What is the highest common divisor of 56 and c?
14
Let v = -120 - -130. What is the highest common factor of 80 and v?
10
Suppose 0 = -2*r - 5*p + 152 + 2, 0 = -3*r - p + 231. What is the greatest common factor of 7 and r?
7
Let j = 3 - 2. Suppose z = -j - 5. Let v be (-1)/3 - 56/z. Calculate the highest common divisor of v and 36.
9
Let d = 10 - 4. Suppose 2*k - d*k = -76. Calculate the greatest common divisor of 95 and k.
19
Let g(h) = -h - 8. Let k be g(-7). Let a be -2 + (k - -13 - -1). What is the highest common factor of a and 11?
11
Let z = -8 + 24. Let b = -22 + -51. Let q = -41 - b. What is the highest common factor of q and z?
16
Suppose 3*g - 6*g = 3*d - 300, -4*g - 335 = -3*d. What is the greatest common divisor of 21 and d?
21
Let o(g) = -3 + 4 - 11*g - 3 + 3. Let a be o(-1). Suppose -2*c + 12 = -a. Calculate the greatest common divisor of 6 and c.
6
Let v = 16 - -41. What is the highest common factor of v and 19?
19
Suppose -2*m = 4*p - 53 - 11, 0 = -4*p + 3*m + 64. What is the greatest common factor of 16 and p?
16
Let r be (5/(-10))/(2/(-32)). Calculate the highest common factor of r and 40.
8
Let q be (6/10)/((-2)/(-10)). Suppose 0 = -4*l + 5*h + 188, 4*l + 3*h - 220 = -0*l. Suppose -l = -j - q*j. What is the greatest common divisor of j and 52?
13
Suppose 23 + 107 = 5*t. What is the greatest common factor of 13 and t?
13
Let z be 2/1*(-5)/(-5). Suppose z*n - 2 - 8 = 0. Suppose -n*a - 3 = -73. Calculate the greatest common factor of a and 70.
14
Suppose 3*h = 102 - 6. Calculate the greatest common divisor of h and 80.
16
Let j be (-2 - -6)/(3 + 7)*15. What is the highest common divisor of 24 and j?
6
Let m be 3/(-4 + (-129)/(-30)). What is the highest common factor of 10 and m?
10
Suppose 3*y = j, 0*y = 2*j + y - 14. Let o be 1/(0 + -1) + 7. Calculate the highest common divisor of j and o.
6
Suppose 4*j - 57 = j. What is the highest common factor of 19 and j?
19
Let r be 11 - 1 - (-5 - -7). Let b = 14 - r. Calculate the highest common divisor of 6 and b.
6
Suppose 3*z = -z + 64. Calculate the greatest common factor of 4 and z.
4
Let t be 1*(-3 + 1) - -8. What is the greatest common divisor of t and 54?
6
Suppose 3*g - 6 = -21, -68 = -3*t + 4*g. What is the highest common factor of 176 and t?
16
Let u be ((-14)/2)/((-2)/8). Let f = -108 - -115. Calculate the greatest common factor of f and u.
7
Suppose 7*r - 3*r = -188. Let a = 127 + r. What is the highest common divisor of 16 and a?
16
Let q be (-10)/6 - 6/(-9). Let l be (-1 - -4)*(17 - q). What is the highest common factor of 6 and l?
6
Suppose -3*h - 3*z + 2 + 1 = 0, 4*z = -h + 7. Let x(k) = -7*k**3 + 2*k**2 + 2*k + 1. Let p be x(h). What is the greatest common divisor of 16 and p?
8
Suppose 4*x + 231 = 15*x. What is the greatest common factor of x and 35?
7
Suppose -2*n - 6 = 0, -n = -2*s - 2*n + 65. What is the highest common factor of s and 170?
34
Suppose -8*f = -0*f - 88. Calculate the highest common factor of f and 1.
1
Let b be 0/5 - -1*3. Let r be (26 - -1) + b + -6. What is the highest common factor of r and 6?
6
Suppose l - 6*l + 4*v + 263 = 0, 5*l - 278 = -v. Calculate the greatest common factor of l and 385.
55
Let l(n) = 3*n**2 - 7*n**2 + 3*n + 1 - 5*n - n**3 - n. Let m be l(-3). Let f be 6/((-4)/(-2)) - 2. What is the highest common factor of f and m?
1
Suppose -3*y = y - 956. Suppose -y = -5*m + k, -m + 5*k = -30 - 13. Calculate the greatest common factor of m and 6.
6
Let c = -55 + 67. Calculate the highest common divisor of 24 and c.
12
Suppose 4*p - 16 = 164. Calculate the highest common factor of p and 18.
9
Let n be (-2 - (-4)/2)*1. Suppose 0*h - 5*h + 380 = n. Suppose -k = -4*r - 11, 0*r = -k + 2*r + 15. What is the greatest common factor of k and h?
19
Suppose 2*c + 2 = 70. Suppose 0 = -4*f + f + 255. Suppose 12*a - 7*a = f. Calculate the greatest common factor of c and a.
17
Let p = 22 - -130. What is the greatest common divisor of 19 and p?
19
Suppose 2*i = 3*r - r - 24, 0 = -4*r - 3*i + 20. Suppose 2*v - 1 = v. Calculate the greatest common factor of r and v.
1
Let z(x) = x**3 + 3*x**2 - 2*x. Let n be z(2). Let f(g) = -g**3 - 2*g**2 - 3*g - 2. Let v be f(-3). Calculate the greatest common divisor of v and n.
16
Let t(s) = -2*s + 1. Let w be t(-5). Calculate the highest common factor of w and 11.
11
Suppose 5*f - 60 = -0*f. What is the greatest common factor of f and 30?
6
Let y be ((-16)/(-6))/((-12)/(-18)). Suppose -2*s = -8 